1
List the prime factors of 75969694.
2, 37984847
List the prime factors of 18030910.
2, 5, 151, 11941
What are the prime factors of 844999668?
2, 3, 23, 41, 8297
List the prime factors of 1197072870.
2, 3, 5, 7, 5700347
List the prime factors of 6398426654.
2, 3199213327
What are the prime factors of 282721979?
282721979
What are the prime factors of 223828369?
1619, 138251
What are the prime factors of 2289506296?
2, 7, 11, 23, 53, 3049
What are the prime factors of 234433216?
2, 29, 126311
List the prime factors of 118958318.
2, 73, 814783
What are the prime factors of 169532526?
2, 3, 97, 291293
List the prime factors of 250040989.
11, 313, 72623
List the prime factors of 551488925.
5, 13, 17, 99817
What are the prime factors of 174624879?
3, 11, 13, 233, 1747
List the prime factors of 4025760372.
2, 3, 47, 863, 919
List the prime factors of 118228714.
2, 79, 748283
What are the prime factors of 681645248?
2, 367, 29021
What are the prime factors of 1621201448?
2, 19, 10665799
List the prime factors of 47573682.
2, 3, 13, 19, 47, 683
List the prime factors of 33239186.
2, 23, 89, 353
List the prime factors of 695786662.
2, 23, 2719, 5563
What are the prime factors of 14772187?
23, 61, 10529
What are the prime factors of 1142598985?
5, 11, 17, 29, 42139
What are the prime factors of 657425284?
2, 23, 47, 152041
What are the prime factors of 373375390?
2, 5, 37337539
What are the prime factors of 590953664?
2, 7, 41, 32173
List the prime factors of 2307293345.
5, 7, 83, 794249
What are the prime factors of 186611674?
2, 93305837
List the prime factors of 265096155.
3, 5, 1061, 16657
What are the prime factors of 190417034?
2, 17, 5600501
What are the prime factors of 44319393?
3, 257, 2129
List the prime factors of 130601951.
130601951
List the prime factors of 1050327792.
2, 3, 7293943
What are the prime factors of 553538595?
3, 5, 5701, 6473
What are the prime factors of 330957245?
5, 109, 607261
What are the prime factors of 102257683?
11, 29, 131, 2447
List the prime factors of 43983076.
2, 101, 108869
List the prime factors of 1729232575.
5, 7, 23, 61, 7043
List the prime factors of 123207340.
2, 5, 59, 193, 541
List the prime factors of 794450467.
97, 8190211
List the prime factors of 334460521.
373, 896677
List the prime factors of 5615285781.
3, 7, 31, 241, 5113
What are the prime factors of 27498893?
107, 233, 1103
List the prime factors of 298281948.
2, 3, 61, 407489
What are the prime factors of 18040629?
3, 257, 23399
List the prime factors of 95782320.
2, 3, 5, 151, 881
What are the prime factors of 62256789?
3, 7, 329401
What are the prime factors of 107934189?
3, 11, 3270733
What are the prime factors of 4387674621?
3, 11, 31, 547, 7841
What are the prime factors of 1387599387?
3, 462533129
What are the prime factors of 526930067?
526930067
List the prime factors of 58219000.
2, 5, 7, 8317
List the prime factors of 804742327.
804742327
What are the prime factors of 1429364545?
5, 7, 71, 82171
List the prime factors of 33802858.
2, 2447, 6907
List the prime factors of 1092493406.
2, 17, 1319, 1433
What are the prime factors of 238611639?
3, 7, 11362459
List the prime factors of 3028713467.
13, 229, 1017371
What are the prime factors of 20267799?
3, 61, 110753
List the prime factors of 622038297.
3, 207346099
List the prime factors of 107968173.
3, 17, 359, 5897
List the prime factors of 120254318.
2, 60127159
What are the prime factors of 405553308?
2, 3, 33796109
What are the prime factors of 1721096412?
2, 3, 7, 367, 55829
What are the prime factors of 227629826?
2, 163, 698251
List the prime factors of 204852462.
2, 3, 29, 40597
List the prime factors of 42964667.
23, 31, 60259
What are the prime factors of 2012230852?
2, 677, 743069
List the prime factors of 50110735.
5, 71, 141157
List the prime factors of 67227934.
2, 67, 501701
List the prime factors of 327500161.
29, 281, 40189
List the prime factors of 100089492.
2, 3, 19, 438989
What are the prime factors of 6503040667?
107, 823, 73847
List the prime factors of 872977012.
2, 5573, 39161
What are the prime factors of 2924197832?
2, 29, 53, 163, 1459
What are the prime factors of 127657801?
73, 1748737
What are the prime factors of 577299757?
3929, 146933
List the prime factors of 2410690814.
2, 7, 17, 1949, 5197
What are the prime factors of 90385510?
2, 5, 9038551
List the prime factors of 28733405.
5, 1193, 4817
List the prime factors of 9157723261.
337, 397, 68449
What are the prime factors of 911528750?
2, 5, 11, 66293
What are the prime factors of 585453388?
2, 13, 109, 103291
List the prime factors of 712002934.
2, 101, 3524767
List the prime factors of 121332073.
877, 138349
What are the prime factors of 925290362?
2, 462645181
List the prime factors of 25252774.
2, 12626387
What are the prime factors of 19601437?
107, 183191
List the prime factors of 83289529.
31, 2686759
List the prime factors of 1622423401.
1622423401
List the prime factors of 29149084.
2, 17, 428663
List the prime factors of 108175499.
139, 778241
What are the prime factors of 16417114?
2, 7, 727, 1613
What are the prime factors of 213582932?
2, 31, 1722443
List the prime factors of 264660353.
2293, 115421
What are the prime factors of 1383271299?
3, 599, 256589
What are the prime factors of 2271810075?
3, 5, 71, 426631
What are the prime factors of 823743013?
41, 53, 379081
List the prime factors of 101772006.
2, 3, 7, 659, 3677
What are the prime factors of 202788339?
3, 13, 61, 79, 83
List the prime factors of 598319377.
79, 97, 78079
List the prime factors of 681850892.
2, 17, 181, 55399
List the prime factors of 3763581180.
2, 3, 5, 19, 101, 32687
List the prime factors of 1855649324.
2, 127, 179, 20407
What are the prime factors of 36743820?
2, 3, 5, 73, 8389
List the prime factors of 190524117.
3, 7, 17, 31393
List the prime factors of 591696632.
2, 19, 3892741
List the prime factors of 113822305.
5, 22764461
List the prime factors of 1090599180.
2, 3, 5, 11, 41, 983
List the prime factors of 784805588.
2, 7, 151, 185621
What are the prime factors of 70183973?
17, 29, 4909
List the prime factors of 6987690513.
3, 23, 33756959
What are the prime factors of 186783431?
186783431
What are the prime factors of 1259358008?
2, 23, 1973, 3469
What are the prime factors of 6210827?
7, 887261
What are the prime factors of 196928887?
196928887
What are the prime factors of 506261655?
3, 5, 11250259
What are the prime factors of 32022870?
2, 3, 5, 11, 97039
List the prime factors of 4649826983.
47, 89, 277, 4013
List the prime factors of 76725582.
2, 3, 71, 389, 463
List the prime factors of 143155165.
5, 29, 89, 11093
List the prime factors of 1827379156.
2, 53, 8619713
List the prime factors of 46207325.
5, 59, 31327
What are the prime factors of 150811228?
2, 677, 55691
What are the prime factors of 70599612?
2, 3, 5883301
What are the prime factors of 25331247?
3, 31, 90793
What are the prime factors of 234613266?
2, 3, 39102211
What are the prime factors of 20927600?
2, 5, 113, 463
List the prime factors of 2985386362.
2, 7, 19, 809, 13873
List the prime factors of 20202184.
2, 2525273
List the prime factors of 186043306.
2, 6089, 15277
List the prime factors of 78194158.
2, 7, 19, 23, 12781
List the prime factors of 1810986564.
2, 3, 41, 3680867
What are the prime factors of 309595429?
11, 13, 71, 30493
List the prime factors of 259520078.
2, 41, 67, 47237
List the prime factors of 34299767.
43, 193, 4133
What are the prime factors of 255910490?
2, 5, 11, 2326459
List the prime factors of 318445031.
318445031
List the prime factors of 4917850.
2, 5, 7, 14051
List the prime factors of 246932410.
2, 5, 239, 103319
What are the prime factors of 4328275382?
2, 2164137691
List the prime factors of 994314386.
2, 13, 173, 443, 499
What are the prime factors of 516079852?
2, 103, 727, 1723
What are the prime factors of 197081361?
3, 29, 197, 3833
What are the prime factors of 616956843?
3, 17, 71, 170383
What are the prime factors of 1475164?
2, 368791
What are the prime factors of 130096357?
59, 2205023
What are the prime factors of 721531051?
17, 73, 581411
What are the prime factors of 1720151180?
2, 5, 11, 7818869
List the prime factors of 92779470.
2, 3, 5, 7, 19, 23, 337
What are the pri